*k = 51 + h. Let z = k + 37. What is the tens digit of z?
1
Let f(x) = -33*x**2 - 1. Let a be f(1). Let s = 48 + a. What is the tens digit of s?
1
Let i = 18 - 16. Suppose i*d - 4*d - 16 = -l, 28 = 3*l - d. What is the units digit of l?
8
Suppose 4*r - 4*u + 8 - 48 = 0, -3*r = 5*u + 2. What is the units digit of r?
6
Suppose 4*y - 25 = -y. Let l(h) = -3*h**2 - 8*h - 19. Let k(r) = -2*r**2 - 5*r - 13. Let u(v) = y*l(v) - 7*k(v). What is the units digit of u(-3)?
2
Let u(x) = x**3 + 7*x**2 - x. What is the tens digit of u(-3)?
3
Let p(o) = -2*o**3. Let f be p(-1). Suppose -f*z + 30 = -0*z. Suppose -5*v + 5 = -z. What is the units digit of v?
4
Suppose -12*w + 110 = -7*w. What is the units digit of w?
2
Suppose 5*a - 3*c = c + 37, 22 = 2*a + 2*c. Let z = -14 + a. Let q = z + 8. What is the units digit of q?
3
Let i be (-10)/(-45) + (-218)/9. Let q = -3 - i. Let l = q - 13. What is the units digit of l?
8
Let p(y) be the second derivative of y**6/120 + y**5/30 - y**4/12 - y**3/3 - y**2 + y. Let z(g) be the first derivative of p(g). What is the tens digit of z(2)?
1
Suppose 4*p - 3*d = 6, 5*d - 2*d + 6 = p. Suppose -f = -6*f - 4*a + 105, -4*a = p. What is the tens digit of f?
2
Suppose 4*o = -4*g + 12, 3*o - 1 = -2*g + 6. Let v be 0 + 30 - (-1)/o. Suppose -5*u = -4 - v. What is the units digit of u?
7
Let z = 23 + 1. Suppose 4 = t - 4*l, 2*t - 4*l - z + 0 = 0. What is the units digit of t?
0
Let h be ((-10)/4)/(7/(-14)). Suppose 23 = h*y - 52. What is the tens digit of y?
1
Suppose 3*n + 363 = 4*g - 457, -3*n + 844 = 4*g. What is the hundreds digit of g?
2
Let g(d) = -d - 4. Let r be g(-7). Let s = 10 - r. What is the units digit of s?
7
What is the units digit of 5/15 + 23/3?
8
Suppose 0 = -5*r - 4*q - 21, -5*r + q = -1 + 2. What is the tens digit of r + 22*(-2)/(-4)?
1
Suppose -5*x = -2*k - 3, 3*k + 3*x + x = 30. Let q be ((-28)/10)/(k/(-30)). Suppose 2*c - q = -2*z - 3*c, 0 = -4*c. What is the units digit of z?
7
Let b(p) = p**2 + p. Let o be b(-2). Suppose -2*h + 0 = 4*y - 8, -20 = -3*h + o*y. Suppose -5*j = h*k - k - 20, -3*k = -3*j - 42. What is the units digit of k?
9
Suppose 3*n = 4*l + 33, 37 = 4*n - l - 2*l. Let w(f) = -f**3 + 8*f**2 - 5. What is the tens digit of w(n)?
4
Let l(t) = 2*t**2 - 5*t + 2. What is the units digit of l(3)?
5
Let h = 61 + -9. What is the units digit of h?
2
Let s(m) = m**3 - 5*m**2 + 4*m + 4. Let k be s(4). Suppose k*l - 3 = 1. What is the units digit of (-2)/(-4)*l*6?
3
Let j(i) be the third derivative of -5*i**4/24 - i**3 + 2*i**2. Let n(g) = 6*g + 6. Let h(d) = 3*j(d) + 2*n(d). What is the units digit of h(-5)?
9
Let h be (8/6 + -2)*-3. Suppose 0 = -p - h*r - 2*r - 5, p = -2*r + 3. What is the units digit of p?
1
Suppose -2*y = -z + 278 + 102, -5*y - 1895 = -5*z. What is the units digit of z?
8
Suppose i = -4*i + 70. Let l = -9 + i. Let h = l + 1. What is the units digit of h?
6
Suppose -5*y - 4*a = -12, -y + 10 = 3*y + 3*a. Suppose -8*h - 8 = -3*h + 2*s, -20 = h + 5*s. Suppose 0 = -h*p - y*p + 20. What is the units digit of p?
5
Suppose 0*m - 5*m + 145 = 0. What is the tens digit of m?
2
Suppose -3*q - 20 = -8*q. Let u be -2 - (7 + (q - 2)). Let t = -7 - u. What is the units digit of t?
4
Suppose -5*f = -j - 24, 4*j = 3*f - 26 - 19. Let u = j + 19. What is the units digit of u?
0
Suppose 5*m + 16 = 46. What is the units digit of m?
6
What is the tens digit of ((-49)/5)/((-2)/10)?
4
Let l(f) be the second derivative of -f**3 + f**2/2 + f. Let a be l(-3). Let j = -9 + a. What is the tens digit of j?
1
Let q = 82 + -58. Let k = q - 11. What is the tens digit of k?
1
Let p(d) = d**3 + 6*d**2 - 7*d - 5. What is the units digit of p(-6)?
7
Suppose -4*t - 13 = -3*t. Let x = -4 - t. What is the units digit of x?
9
Suppose j - 1 - 5 = 0. Suppose 3*u - 4*c = u + j, -3*u - c = -9. Suppose 45 = 5*z - a, z + 2*a - 13 = u*a. What is the units digit of z?
8
Suppose -106 = -5*h - 6*j + 2*j, 30 = h + 3*j. Let x = h + 24. What is the units digit of x?
2
Let r(u) = -u + 8. Let z be r(0). Let v be z/(-3)*(-3)/(-2). What is the units digit of 37/5 - v/(-10)?
7
Suppose -5*n - j + 3*j - 6 = 0, -4*j + 12 = -3*n. Suppose n*q = -3*q + 66. What is the units digit of q?
2
Suppose -q + 10 = q, 5*b = -3*q + 120. Let t = b - 7. What is the units digit of t?
4
Let h(a) = -a**2 - 3*a**3 + 2*a**3 + 0*a + 2 + 3*a. Let z be h(-2). Let t(s) = -s**2 + s + 10. What is the units digit of t(z)?
0
Let k(t) = -4*t**2 + 4*t**3 + 4*t - t**2 - 3*t**3 - 4. What is the tens digit of k(5)?
1
Let g(l) = -l - 5. Let v be g(-7). Let y be 14/(v/2) + -1. Suppose 5*h = -y + 98. What is the units digit of h?
7
Let i(d) = d**2 + 2*d - 4. Let g be i(-4). Suppose -a - 15 = -g*a. What is the units digit of a?
5
Suppose y + 5*g - 5 = 0, 3*y + 5*g + 10 = 5*y. What is the units digit of y?
5
Let v = 2 + -22. What is the tens digit of (5/(v/(-132)))/1?
3
Let r(m) = -19*m**2 + m. Let w(y) = 37*y**2 - 2*y. Let o(b) = 5*r(b) + 3*w(b). Let t be o(-1). Suppose 2 - t = -5*p. What is the units digit of p?
3
Suppose 0 = r - 5*r. What is the units digit of (-1 + r)*(-5)/1?
5
Suppose -7 - 9 = 4*i. Let x = 9 + i. Let l = x + -3. What is the units digit of l?
2
Suppose 4*u = 3*g + 3*u - 8, -4*u = 4*g. Let q be (52/2)/(1 - g). Let h = -6 - q. What is the tens digit of h?
2
Let y(x) = -x**2 - 18*x + 16. Let q be y(-16). Suppose -a = -6*a + 3*b + q, -3*b = 2*a - 36. What is the tens digit of a?
1
Suppose 2*p - 5*p + 12 = 0. Let q be (1 - p - -2)*-14. Let w = 23 - q. What is the units digit of w?
9
Let q = 146 - 68. What is the units digit of q?
8
Suppose 0 = -7*t + 2*t + 15. Suppose -t*d = -5*d + 50. What is the tens digit of d?
2
Suppose -c = -4 - 0. Let n be c/2*3 + -2. Suppose n*m - 4 = 8. What is the units digit of m?
3
Let g(d) = -d**3 + 7*d**2 - d + 6. Let y = 7 + 0. Let m be g(y). Let i(c) = -12*c + 1. What is the tens digit of i(m)?
1
Let r(o) be the first derivative of o**4/4 - o**2/2 + 5*o + 3. What is the units digit of r(0)?
5
Suppose -6*g + 2*g + 192 = 0. Suppose -4*f - 12 = -g. Suppose f + 1 = 5*p. What is the units digit of p?
2
Let u(y) = y**2 + 19*y - 40. What is the units digit of u(-23)?
2
Suppose -3*x + 70 = -122. What is the units digit of x?
4
Let m = -155 - -228. What is the units digit of m?
3
Suppose 0*m = 2*m. Let y be 6*(0 + (-4)/8). Let q = m - y. What is the units digit of q?
3
Let t(i) = 5*i - 19. What is the units digit of t(14)?
1
Suppose 2 - 7 = -l. Let o(m) = 3 + 8 + 4*m**2 - 9*m**2 - l*m**2 + m**3. What is the tens digit of o(10)?
1
What is the units digit of 33 - (3 + (-1 - 0))?
1
Let c be ((-8)/(-6))/((-1)/6). Let g(v) = -v**3 + 6*v**2 - 5*v + 2. Let b be g(4). Let w = c + b. What is the units digit of w?
6
Let q(v) = -v**2 - 4*v + 3. Let p be q(-5). Let r be p/(-1) + (-4 - -2). Suppose r = 2*c + 2*c - 8. What is the units digit of c?
2
Let p be (4/6)/(2/93). Suppose 6*z - z - 46 = -2*q, -5*z + 3*q + p = 0. Suppose -2*d = 3*u - 2*u - 19, -3*u + z = -d. What is the units digit of d?
7
Let t = 8 + -5. Let g be 9/t - (3 - 2). Suppose -10 = -3*q + g. What is the units digit of q?
4
Let l = 221 - 152. Suppose -3*f + 54 + l = 0. What is the tens digit of f?
4
Suppose -44 = -3*q + 7. What is the tens digit of q?
1
Let s(f) = -f**2 - 13*f - 6. Let o be s(-5). Let i = o - 19. What is the tens digit of i*(-2 - 8/(-3))?
1
Let l(v) = -v**2 - 102. Let c be l(0). What is the tens digit of (8/(-24))/(2/c)?
1
Let c be -3*(-2)/6*2. Suppose w - 5*l + 60 = c*w, -w = -2*l - 53. Suppose -k + w = -2*x + 6*x, 0 = -2*x - 5*k + 41. What is the tens digit of x?
1
Suppose -15*g + 2251 = -3764. What is the units digit of g?
1
What is the tens digit of 2/(-2)*(-18 - -7)?
1
Suppose 4*d = 2*d - 70. Let i = d - -68. Suppose -5*g = -5*f - 45, 5*g - f = i - 4. What is the units digit of g?
5
What is the units digit of (166/8 + -2)/(6/16)?
0
Suppose 8 = 2*b, -3*x + 426 - 176 = -2*b. What is the units digit of x?
6
Suppose 4*j - 120 = p - 0*p, 0 = 3*p - 12. What is the tens digit of j?
3
Let q = -31 + 55. Let t = 12 - 7. Suppose q = 2*h - 4*l, -3*l + 27 - 6 = t*h. What is the units digit of h?
6
Let r be 0/(-2) - 0/(-3). Suppose 2 = y - r*y. What is the units digit of y?
2
Let h(l) = -l**3 - 11*l**2 - 12*l + 12. What is the tens digit of h(-10)?
3
Suppose 18 = 2*t + 2*w, 0*t - 5*w